{"id":2,"date":"2025-03-07T17:31:12","date_gmt":"2025-03-07T17:31:12","guid":{"rendered":"https:\/\/foroapuestas.es\/pro\/?page_id=2"},"modified":"2025-03-11T08:51:10","modified_gmt":"2025-03-11T07:51:10","slug":"sample-page","status":"publish","type":"page","link":"https:\/\/foroapuestas.es\/pro\/","title":{"rendered":"Lo \u00faltimo en el mundo de las apuestas en Espa\u00f1a"},"content":{"rendered":"\r\n<p data-start=\"0\" data-end=\"263\">\u00a1Bienvenido! Si est\u00e1s aqu\u00ed, es porque <strong>compartes nuestra pasi\u00f3n por las apuestas deportivas<\/strong> y buscas un lugar donde aprender, compartir y, por supuesto, divertirte. <span class=\"relative -mx-px my-[-0.2rem] rounded px-px py-[0.2rem]\">Nuestra comunidad est\u00e1 dise\u00f1ada para ofrecerte todo lo que necesitas para mejorar tus habilidades como apostador y disfrutar al m\u00e1ximo de cada jugada.<\/span>\u200b<\/p>\r\n<p data-start=\"294\" data-end=\"451\"><span class=\"relative -mx-px my-[-0.2rem] rounded px-px py-[0.2rem]\"><strong>ForoApuestas.es es una plataforma dedicada a los entusiastas de las apuestas deportivas<\/strong>, desde principiantes hasta expertos.<\/span> <span class=\"relative -mx-px my-[-0.2rem] rounded px-px py-[0.2rem]\">Aqu\u00ed encontrar\u00e1s una comunidad activa que comparte pron\u00f3sticos, estrategias, an\u00e1lisis y todo tipo de informaci\u00f3n relacionada con el mundo de las apuestas.<\/span><\/p>\r\n<p data-start=\"294\" data-end=\"451\"><span class=\"relative -mx-px my-[-0.2rem] rounded px-px py-[0.2rem]\">Nuestro objetivo es crear un espacio donde puedas aprender, debatir y mejorar tus habilidades en un ambiente amigable y colaborativo.<\/span><\/p>\r\n<p data-start=\"294\" data-end=\"451\">\u200b<img loading=\"lazy\" decoding=\"async\" class=\"alignnone size-full wp-image-91\" src=\"https:\/\/foroapuestas.es\/pro\/wp-content\/uploads\/apuestas-foro-espanya.jpg\" alt=\"Foro Apuestas Espa\u00f1a\" width=\"1200\" height=\"680\" title=\"\" srcset=\"https:\/\/foroapuestas.es\/pro\/wp-content\/uploads\/apuestas-foro-espanya.jpg 1200w, https:\/\/foroapuestas.es\/pro\/wp-content\/uploads\/apuestas-foro-espanya-300x170.jpg 300w, https:\/\/foroapuestas.es\/pro\/wp-content\/uploads\/apuestas-foro-espanya-1024x580.jpg 1024w, https:\/\/foroapuestas.es\/pro\/wp-content\/uploads\/apuestas-foro-espanya-150x85.jpg 150w, https:\/\/foroapuestas.es\/pro\/wp-content\/uploads\/apuestas-foro-espanya-768x435.jpg 768w\" sizes=\"auto, (max-width: 1200px) 100vw, 1200px\" \/><\/p>\r\n<h2 data-start=\"478\" data-end=\"504\">Pron\u00f3sticos y An\u00e1lisis<\/h2>\r\n<p data-start=\"506\" data-end=\"625\"><span class=\"relative -mx-px my-[-0.2rem] rounded px-px py-[0.2rem]\">Nuestros usuarios comparten regularmente pron\u00f3sticos detallados y an\u00e1lisis de eventos deportivos de diversas disciplinas, como f\u00fatbol, baloncesto, tenis y m\u00e1s.<\/span> <span class=\"relative -mx-px my-[-0.2rem] rounded px-px py-[0.2rem]\">Cada pron\u00f3stico viene acompa\u00f1ado de estad\u00edsticas, tendencias y argumentos que te ayudar\u00e1n a tomar decisiones informadas en tus apuestas.<\/span>\u200b<\/p>\r\n<h3 data-start=\"627\" data-end=\"654\">Estrategias de Apuestas<\/h3>\r\n<p data-start=\"656\" data-end=\"779\"><span class=\"relative -mx-px my-[-0.2rem] rounded px-px py-[0.2rem]\">En esta secci\u00f3n, discutimos diferentes enfoques y m\u00e9todos para apostar de manera inteligente.<\/span> <span class=\"relative -mx-px my-[-0.2rem] rounded px-px py-[0.2rem]\">Desde el manejo de bankroll hasta la identificaci\u00f3n de value bets, nuestros miembros comparten sus experiencias y consejos para maximizar tus ganancias y minimizar riesgos.<\/span><\/p>\r\n<h3 data-start=\"781\" data-end=\"811\">Noticias y Actualizaciones<\/h3>\r\n<div class=\"pt-cv-wrapper\"><div class=\"pt-cv-view pt-cv-grid pt-cv-colsys pt-cv-same-height\" id=\"pt-cv-view-f9ece10rmn\"><div data-id=\"pt-cv-page-1\" class=\"pt-cv-page\" data-cvc=\"2\" data-cvct=\"1\" data-cvcm=\"1\"><div class=\"col-md-6 col-sm-12 col-xs-12 pt-cv-content-item pt-cv-1-col\"  data-pid=\"643\"><div class='pt-cv-ifield'><a href=\"https:\/\/foroapuestas.es\/pro\/noticias\/bonos-casino-deposito-espana\/\" class=\"_self pt-cv-href-thumbnail pt-cv-thumb-default cvplbd cvp-lazy-container\" target=\"_self\" ><img loading=\"lazy\" decoding=\"async\" width=\"300\" height=\"200\" src=\"https:\/\/foroapuestas.es\/pro\/wp-content\/plugins\/pt-content-views-pro\/public\/assets\/images\/lazy_image.png\" class=\"pt-cv-thumbnail img-none skip-lazy  cvplazy\" alt=\"Los Mejores Bonos de Casino sin Dep\u00f3sito en Espa\u00f1a | Noviembre 2025\" data-cvpsrc=\"https:\/\/foroapuestas.es\/pro\/wp-content\/uploads\/9fe41fe0-4ccd-41a9-8ba9-2e18ff83de1c-300x200.webp\" title=\"\"><\/a>\n<p class=\"pt-cv-title\"><a href=\"https:\/\/foroapuestas.es\/pro\/noticias\/bonos-casino-deposito-espana\/\" class=\"_self cvplbd\" target=\"_self\" >Los Mejores Bonos de Casino sin Dep\u00f3sito en Espa\u00f1a | Noviembre 2025<\/a><\/p><\/div><\/div>\n<div class=\"col-md-6 col-sm-12 col-xs-12 pt-cv-content-item pt-cv-1-col\"  data-pid=\"634\"><div class='pt-cv-ifield'><a href=\"https:\/\/foroapuestas.es\/pro\/pronosticos\/baloncesto\/boston-celtics-orlando-magic\/\" class=\"_self pt-cv-href-thumbnail pt-cv-thumb-default cvplbd cvp-lazy-container\" target=\"_self\" ><img loading=\"lazy\" decoding=\"async\" width=\"300\" height=\"300\" style=\"max-height: 300px;\" src=\"https:\/\/foroapuestas.es\/pro\/wp-content\/plugins\/pt-content-views-pro\/public\/assets\/images\/lazy_image.png\" class=\"pt-cv-thumbnail img-none not-found skip-lazy  cvplazy\" alt=\"Pron\u00f3stico del Boston Celtics - Orlando Magic\" data-cvpsrc=\"https:\/\/foroapuestas.es\/pro\/wp-content\/plugins\/pt-content-views-pro\/public\/assets\/images\/default_image.png\" title=\"\"><\/a>\n<p class=\"pt-cv-title\"><a href=\"https:\/\/foroapuestas.es\/pro\/pronosticos\/baloncesto\/boston-celtics-orlando-magic\/\" class=\"_self cvplbd\" target=\"_self\" >Pron\u00f3stico del Boston Celtics &#8211; Orlando Magic<\/a><\/p><\/div><\/div>\n<div class=\"col-md-6 col-sm-12 col-xs-12 pt-cv-content-item pt-cv-1-col\"  data-pid=\"632\"><div class='pt-cv-ifield'><a href=\"https:\/\/foroapuestas.es\/pro\/pronosticos\/arte-elegir-casino-online\/\" class=\"_self pt-cv-href-thumbnail pt-cv-thumb-default cvplbd cvp-lazy-container\" target=\"_self\" ><img loading=\"lazy\" decoding=\"async\" width=\"300\" height=\"300\" style=\"max-height: 300px;\" src=\"https:\/\/foroapuestas.es\/pro\/wp-content\/plugins\/pt-content-views-pro\/public\/assets\/images\/lazy_image.png\" class=\"pt-cv-thumbnail img-none not-found skip-lazy  cvplazy\" alt=\"El arte de elegir casino online\" data-cvpsrc=\"https:\/\/foroapuestas.es\/pro\/wp-content\/plugins\/pt-content-views-pro\/public\/assets\/images\/default_image.png\" title=\"\"><\/a>\n<p class=\"pt-cv-title\"><a href=\"https:\/\/foroapuestas.es\/pro\/pronosticos\/arte-elegir-casino-online\/\" class=\"_self cvplbd\" target=\"_self\" >El arte de elegir casino online<\/a><\/p><\/div><\/div>\n<div class=\"col-md-6 col-sm-12 col-xs-12 pt-cv-content-item pt-cv-1-col\"  data-pid=\"556\"><div class='pt-cv-ifield'><a href=\"https:\/\/foroapuestas.es\/pro\/pronosticos\/futbol\/la-liga\/leganes-fc-barcelona-12-04-25\/\" class=\"_self pt-cv-href-thumbnail pt-cv-thumb-default cvplbd cvp-lazy-container\" target=\"_self\" ><img loading=\"lazy\" decoding=\"async\" width=\"300\" height=\"169\" src=\"https:\/\/foroapuestas.es\/pro\/wp-content\/plugins\/pt-content-views-pro\/public\/assets\/images\/lazy_image.png\" class=\"pt-cv-thumbnail img-none skip-lazy  cvplazy\" alt=\"leganes-fc-barcelona-12-04-2025\" data-cvpsrc=\"https:\/\/foroapuestas.es\/pro\/wp-content\/uploads\/leganes-fc-barcelona-12-04-2025-300x169.webp\" title=\"\"><\/a>\n<p class=\"pt-cv-title\"><a href=\"https:\/\/foroapuestas.es\/pro\/pronosticos\/futbol\/la-liga\/leganes-fc-barcelona-12-04-25\/\" class=\"_self cvplbd\" target=\"_self\" >Pron\u00f3stico Legan\u00e9s &#8211; FC Barcelona &#8211; LaLiga 12\/04\/25<\/a><\/p><\/div><\/div>\n<div class=\"col-md-6 col-sm-12 col-xs-12 pt-cv-content-item pt-cv-1-col\"  data-pid=\"452\"><div class='pt-cv-ifield'><a href=\"https:\/\/foroapuestas.es\/pro\/noticias\/real-madrid-mira-criticas-feroces-lamentable-estado-cesped-di-stefano\/\" class=\"_self pt-cv-href-thumbnail pt-cv-thumb-default cvplbd cvp-lazy-container\" target=\"_self\" ><img loading=\"lazy\" decoding=\"async\" width=\"300\" height=\"170\" src=\"https:\/\/foroapuestas.es\/pro\/wp-content\/plugins\/pt-content-views-pro\/public\/assets\/images\/lazy_image.png\" class=\"pt-cv-thumbnail img-none skip-lazy  cvplazy\" alt=\"Real Madrid en la mira: cr\u00edticas feroces por el lamentable estado del c\u00e9sped del Di St\u00e9fano\" data-cvpsrc=\"https:\/\/foroapuestas.es\/pro\/wp-content\/uploads\/real-madrid-mira-criticas-feroces-lamentable-estado-cesped-di-stefano-300x170.webp\" title=\"\"><\/a>\n<p class=\"pt-cv-title\"><a href=\"https:\/\/foroapuestas.es\/pro\/noticias\/real-madrid-mira-criticas-feroces-lamentable-estado-cesped-di-stefano\/\" class=\"_self cvplbd\" target=\"_self\" >Real Madrid en la mira: cr\u00edticas feroces por el lamentable estado del c\u00e9sped del Di St\u00e9fano<\/a><\/p><\/div><\/div>\n<div class=\"col-md-6 col-sm-12 col-xs-12 pt-cv-content-item pt-cv-1-col\"  data-pid=\"453\"><div class='pt-cv-ifield'><a href=\"https:\/\/foroapuestas.es\/pro\/noticias\/doncic-desafia-grandes-lakers-detener-reinado\/\" class=\"_self pt-cv-href-thumbnail pt-cv-thumb-default cvplbd cvp-lazy-container\" target=\"_self\" ><img loading=\"lazy\" decoding=\"async\" width=\"300\" height=\"170\" src=\"https:\/\/foroapuestas.es\/pro\/wp-content\/plugins\/pt-content-views-pro\/public\/assets\/images\/lazy_image.png\" class=\"pt-cv-thumbnail img-none skip-lazy  cvplazy\" alt=\"Doncic desaf\u00eda a los grandes: \u00bfPueden los Lakers detener su reinado?\" data-cvpsrc=\"https:\/\/foroapuestas.es\/pro\/wp-content\/uploads\/doncic-desafia-grandes-lakers-detener-reinado-300x170.webp\" title=\"\"><\/a>\n<p class=\"pt-cv-title\"><a href=\"https:\/\/foroapuestas.es\/pro\/noticias\/doncic-desafia-grandes-lakers-detener-reinado\/\" class=\"_self cvplbd\" target=\"_self\" >Doncic desaf\u00eda a los grandes: \u00bfPueden los Lakers detener su reinado?<\/a><\/p><\/div><\/div>\n<div class=\"col-md-6 col-sm-12 col-xs-12 pt-cv-content-item pt-cv-1-col\"  data-pid=\"394\"><div class='pt-cv-ifield'><a href=\"https:\/\/foroapuestas.es\/pro\/noticias\/bellingham-mensaje-oculto-rival-gesto-sorprende-liga\/\" class=\"_self pt-cv-href-thumbnail pt-cv-thumb-default cvplbd cvp-lazy-container\" target=\"_self\" ><img loading=\"lazy\" decoding=\"async\" width=\"300\" height=\"170\" src=\"https:\/\/foroapuestas.es\/pro\/wp-content\/plugins\/pt-content-views-pro\/public\/assets\/images\/lazy_image.png\" class=\"pt-cv-thumbnail img-none skip-lazy  cvplazy\" alt=\"Bellingham revela un mensaje oculto a un rival: el gesto que sorprende a todos en la liga\" data-cvpsrc=\"https:\/\/foroapuestas.es\/pro\/wp-content\/uploads\/bellingham-mensaje-oculto-rival-gesto-sorprende-liga-300x170.webp\" title=\"\"><\/a>\n<p class=\"pt-cv-title\"><a href=\"https:\/\/foroapuestas.es\/pro\/noticias\/bellingham-mensaje-oculto-rival-gesto-sorprende-liga\/\" class=\"_self cvplbd\" target=\"_self\" >Bellingham revela un mensaje oculto a un rival: el gesto que sorprende a todos en la liga<\/a><\/p><\/div><\/div>\n<div class=\"col-md-6 col-sm-12 col-xs-12 pt-cv-content-item pt-cv-1-col\"  data-pid=\"454\"><div class='pt-cv-ifield'><a href=\"https:\/\/foroapuestas.es\/pro\/noticias\/atletico-sorprende-estrella-xabi-alonso-desatar-guerra-mercado-fichajes\/\" class=\"_self pt-cv-href-thumbnail pt-cv-thumb-default cvplbd cvp-lazy-container\" target=\"_self\" ><img loading=\"lazy\" decoding=\"async\" width=\"300\" height=\"170\" src=\"https:\/\/foroapuestas.es\/pro\/wp-content\/plugins\/pt-content-views-pro\/public\/assets\/images\/lazy_image.png\" class=\"pt-cv-thumbnail img-none skip-lazy  cvplazy\" alt=\"El Atl\u00e9tico sorprende: La estrella de Xabi Alonso que puede desatar una guerra en el mercado de fichajes\" data-cvpsrc=\"https:\/\/foroapuestas.es\/pro\/wp-content\/uploads\/atletico-sorprende-estrella-xabi-alonso-desatar-guerra-mercado-fichajes-300x170.webp\" title=\"\"><\/a>\n<p class=\"pt-cv-title\"><a href=\"https:\/\/foroapuestas.es\/pro\/noticias\/atletico-sorprende-estrella-xabi-alonso-desatar-guerra-mercado-fichajes\/\" class=\"_self cvplbd\" target=\"_self\" >El Atl\u00e9tico sorprende: La estrella de Xabi Alonso que puede desatar una guerra en el mercado de fichajes<\/a><\/p><\/div><\/div>\n<div class=\"col-md-6 col-sm-12 col-xs-12 pt-cv-content-item pt-cv-1-col\"  data-pid=\"457\"><div class='pt-cv-ifield'><a href=\"https:\/\/foroapuestas.es\/pro\/noticias\/unzue-drastica-decision-adios-antes-esperado-miedo-muerte\/\" class=\"_self pt-cv-href-thumbnail pt-cv-thumb-default cvplbd cvp-lazy-container\" target=\"_self\" ><img loading=\"lazy\" decoding=\"async\" width=\"300\" height=\"170\" src=\"https:\/\/foroapuestas.es\/pro\/wp-content\/plugins\/pt-content-views-pro\/public\/assets\/images\/lazy_image.png\" class=\"pt-cv-thumbnail img-none skip-lazy  cvplazy\" alt=\"Unzu\u00e9 revela su dr\u00e1stica decisi\u00f3n: \u00bfUn adi\u00f3s antes de lo esperado por miedo a la muerte?\" data-cvpsrc=\"https:\/\/foroapuestas.es\/pro\/wp-content\/uploads\/unzue-drastica-decision-adios-antes-esperado-miedo-muerte-300x170.webp\" title=\"\"><\/a>\n<p class=\"pt-cv-title\"><a href=\"https:\/\/foroapuestas.es\/pro\/noticias\/unzue-drastica-decision-adios-antes-esperado-miedo-muerte\/\" class=\"_self cvplbd\" target=\"_self\" >Unzu\u00e9 revela su dr\u00e1stica decisi\u00f3n: \u00bfUn adi\u00f3s antes de lo esperado por miedo a la muerte?<\/a><\/p><\/div><\/div>\n<div class=\"col-md-6 col-sm-12 col-xs-12 pt-cv-content-item pt-cv-1-col\"  data-pid=\"458\"><div class='pt-cv-ifield'><a href=\"https:\/\/foroapuestas.es\/pro\/noticias\/alaba-militao-paso-salir-real-madrid\/\" class=\"_self pt-cv-href-thumbnail pt-cv-thumb-default cvplbd cvp-lazy-container\" target=\"_self\" ><img loading=\"lazy\" decoding=\"async\" width=\"300\" height=\"170\" src=\"https:\/\/foroapuestas.es\/pro\/wp-content\/plugins\/pt-content-views-pro\/public\/assets\/images\/lazy_image.png\" class=\"pt-cv-thumbnail img-none skip-lazy  cvplazy\" alt=\"Alaba y Militao a un paso de salir del Real Madrid: la verdad detr\u00e1s de su futuro incierto\" data-cvpsrc=\"https:\/\/foroapuestas.es\/pro\/wp-content\/uploads\/alaba-militao-paso-salir-real-madrid-300x170.webp\" title=\"\"><\/a>\n<p class=\"pt-cv-title\"><a href=\"https:\/\/foroapuestas.es\/pro\/noticias\/alaba-militao-paso-salir-real-madrid\/\" class=\"_self cvplbd\" target=\"_self\" >Alaba y Militao a un paso de salir del Real Madrid: la verdad detr\u00e1s de su futuro incierto<\/a><\/p><\/div><\/div>\n<div class=\"col-md-6 col-sm-12 col-xs-12 pt-cv-content-item pt-cv-1-col\"  data-pid=\"459\"><div class='pt-cv-ifield'><a href=\"https:\/\/foroapuestas.es\/pro\/noticias\/alvaro-morata-lanza-dardo-atletico-madrid\/\" class=\"_self pt-cv-href-thumbnail pt-cv-thumb-default cvplbd cvp-lazy-container\" target=\"_self\" ><img loading=\"lazy\" decoding=\"async\" width=\"300\" height=\"170\" src=\"https:\/\/foroapuestas.es\/pro\/wp-content\/plugins\/pt-content-views-pro\/public\/assets\/images\/lazy_image.png\" class=\"pt-cv-thumbnail img-none skip-lazy  cvplazy\" alt=\"\u00c1lvaro Morata lanza un dardo al Atl\u00e9tico de Madrid: &quot;Creo que...&quot; y los fans estallan\" data-cvpsrc=\"https:\/\/foroapuestas.es\/pro\/wp-content\/uploads\/alvaro-morata-lanza-dardo-atletico-madrid-creo-fans-estallan-300x170.webp\" title=\"\"><\/a>\n<p class=\"pt-cv-title\"><a href=\"https:\/\/foroapuestas.es\/pro\/noticias\/alvaro-morata-lanza-dardo-atletico-madrid\/\" class=\"_self cvplbd\" target=\"_self\" >\u00c1lvaro Morata lanza un dardo al Atl\u00e9tico de Madrid: \u00abCreo que&#8230;\u00bb y los fans estallan<\/a><\/p><\/div><\/div>\n<div class=\"col-md-6 col-sm-12 col-xs-12 pt-cv-content-item pt-cv-1-col\"  data-pid=\"392\"><div class='pt-cv-ifield'><a href=\"https:\/\/foroapuestas.es\/pro\/noticias\/traspaso-huijsen-real-madrid-desata-escandalo-gran-acierto-grave-error\/\" class=\"_self pt-cv-href-thumbnail pt-cv-thumb-default cvplbd cvp-lazy-container\" target=\"_self\" ><img loading=\"lazy\" decoding=\"async\" width=\"300\" height=\"170\" src=\"https:\/\/foroapuestas.es\/pro\/wp-content\/plugins\/pt-content-views-pro\/public\/assets\/images\/lazy_image.png\" class=\"pt-cv-thumbnail img-none skip-lazy  cvplazy\" alt=\"El traspaso de Huijsen al Real Madrid desata el esc\u00e1ndalo: \u00bfun gran acierto o un grave error?\" data-cvpsrc=\"https:\/\/foroapuestas.es\/pro\/wp-content\/uploads\/traspaso-huijsen-real-madrid-desata-escandalo-gran-acierto-grave-error-300x170.webp\" title=\"\"><\/a>\n<p class=\"pt-cv-title\"><a href=\"https:\/\/foroapuestas.es\/pro\/noticias\/traspaso-huijsen-real-madrid-desata-escandalo-gran-acierto-grave-error\/\" class=\"_self cvplbd\" target=\"_self\" >El traspaso de Huijsen al Real Madrid desata el esc\u00e1ndalo: \u00bfun gran acierto o un grave error?<\/a><\/p><\/div><\/div><\/div><\/div><\/div>\t\t\t<style type=\"text\/css\" id=\"pt-cv-inline-style-6eec6b8ctb\">#pt-cv-view-f9ece10rmn .pt-cv-title a, #pt-cv-view-f9ece10rmn  .panel-title { font-family: 'Open Sans', Arial, serif !important; font-size: 18px !important; line-height: 1.3 !important; color: #000000 !important; font-weight: 600 !important; }\n#pt-cv-view-f9ece10rmn .pt-cv-readmore  { color: #ffffff !important; background-color: #00aeef !important; }\n#pt-cv-view-f9ece10rmn .pt-cv-readmore:hover  { color: #ffffff !important; background-color: #00aeef !important; }<\/style>\r\n\t\t\t<link href='\/\/fonts.googleapis.com\/css?family=Open+Sans' rel='stylesheet' type='text\/css'>\r\n<p data-start=\"813\" data-end=\"938\"><span class=\"relative -mx-px my-[-0.2rem] rounded px-px py-[0.2rem]\">Mantente al d\u00eda con las \u00faltimas noticias del mundo deportivo y c\u00f3mo pueden afectar tus apuestas.<\/span> <span class=\"relative -mx-px my-[-0.2rem] rounded px-px py-[0.2rem]\">Desde lesiones de jugadores clave hasta cambios en las alineaciones, te ofrecemos informaci\u00f3n relevante para que est\u00e9s siempre informado.<\/span>\u200b<\/p>\r\n<h3 data-start=\"940\" data-end=\"967\">Herramientas y Recursos<\/h3>\r\n<p data-start=\"969\" data-end=\"1054\"><span class=\"relative -mx-px my-[-0.2rem] rounded px-px py-[0.2rem]\">Accede a una variedad de herramientas dise\u00f1adas para facilitar tus apuestas:<\/span>\u200b<\/p>\r\n<ul data-start=\"1056\" data-end=\"1403\">\r\n<li data-start=\"1056\" data-end=\"1169\">\r\n<p data-start=\"1058\" data-end=\"1169\"><strong data-start=\"1058\" data-end=\"1082\">Comparador de Cuotas<\/strong>: <span class=\"relative -mx-px my-[-0.2rem] rounded px-px py-[0.2rem]\">Encuentra las mejores cuotas disponibles en diferentes casas de apuestas para maximizar tus posibles ganancias.<\/span>\u200b<\/p>\r\n<\/li>\r\n<li data-start=\"1171\" data-end=\"1288\">\r\n<p data-start=\"1173\" data-end=\"1288\"><strong data-start=\"1173\" data-end=\"1201\">Calculadoras de Apuestas<\/strong>: <span class=\"relative -mx-px my-[-0.2rem] rounded px-px py-[0.2rem]\">Herramientas que te ayudan a calcular posibles retornos, gestionar tu bankroll y planificar tus estrategias de apuesta.<\/span>\u200b<\/p>\r\n<\/li>\r\n<li data-start=\"1290\" data-end=\"1403\">\r\n<p data-start=\"1292\" data-end=\"1403\"><strong data-start=\"1292\" data-end=\"1316\">Glosario de T\u00e9rminos<\/strong>: <span class=\"relative -mx-px my-[-0.2rem] rounded px-px py-[0.2rem]\">Si eres nuevo en el mundo de las apuestas, nuestro glosario te ayudar\u00e1 a familiarizarte con la jerga y los t\u00e9rminos m\u00e1s comunes.<\/span>\u200b<\/p>\r\n<\/li>\r\n<\/ul>\r\n<h2 data-start=\"1405\" data-end=\"1433\">Comunidad y Participaci\u00f3n<\/h2>\r\n<p data-start=\"1435\" data-end=\"1560\"><span class=\"relative -mx-px my-[-0.2rem] rounded px-px py-[0.2rem]\">Lo que realmente distingue a ForoApuestas.es es nuestra comunidad.<\/span><\/p>\r\n<ul data-start=\"1562\" data-end=\"1908\">\r\n<li data-start=\"1562\" data-end=\"1676\">\r\n<p data-start=\"1564\" data-end=\"1676\"><strong data-start=\"1564\" data-end=\"1589\">Participar en Debates<\/strong>: <span class=\"relative -mx-px my-[-0.2rem] rounded px-px py-[0.2rem]\">\u00danete a discusiones sobre partidos, estrategias y tendencias actuales en las apuestas deportivas.<\/span>\u200b<\/p>\r\n<\/li>\r\n<li data-start=\"1678\" data-end=\"1792\">\r\n<p data-start=\"1680\" data-end=\"1792\"><strong data-start=\"1680\" data-end=\"1705\">Compartir Pron\u00f3sticos<\/strong>: <span class=\"relative -mx-px my-[-0.2rem] rounded px-px py-[0.2rem]\">Publica tus propios pron\u00f3sticos y recibe feedback de otros miembros para mejorar tus an\u00e1lisis.<\/span>\u200b<\/p>\r\n<\/li>\r\n<li data-start=\"1794\" data-end=\"1908\">\r\n<p data-start=\"1796\" data-end=\"1908\"><strong data-start=\"1796\" data-end=\"1821\">Competir en Concursos<\/strong>: <span class=\"relative -mx-px my-[-0.2rem] rounded px-px py-[0.2rem]\">Participa en nuestros concursos mensuales y demuestra tus habilidades como apostador para ganar premios y reconocimiento dentro de la comunidad.<\/span>\u200b<\/p>\r\n<\/li>\r\n<\/ul>\r\n<h3 data-start=\"1910\" data-end=\"1934\">Educaci\u00f3n y Formaci\u00f3n<\/h3>\r\n<p data-start=\"1936\" data-end=\"2061\"><span class=\"relative -mx-px my-[-0.2rem] rounded px-px py-[0.2rem]\">Creemos en la importancia de la educaci\u00f3n para apostar de manera responsable y efectiva.<\/span> <span class=\"relative -mx-px my-[-0.2rem] rounded px-px py-[0.2rem]\">Por ello, ofrecemos:<\/span>\u200b<\/p>\r\n<ul data-start=\"2063\" data-end=\"2409\">\r\n<li data-start=\"2063\" data-end=\"2180\">\r\n<p data-start=\"2065\" data-end=\"2180\"><strong data-start=\"2065\" data-end=\"2093\">Gu\u00edas para Principiantes<\/strong>: <span class=\"relative -mx-px my-[-0.2rem] rounded px-px py-[0.2rem]\">Art\u00edculos y tutoriales que cubren desde los conceptos b\u00e1sicos de las apuestas hasta estrategias m\u00e1s avanzadas.<\/span>\u200b<\/p>\r\n<\/li>\r\n<li data-start=\"2182\" data-end=\"2294\">\r\n<p data-start=\"2184\" data-end=\"2294\"><strong data-start=\"2184\" data-end=\"2207\">Webinars y Talleres<\/strong>: <span class=\"relative -mx-px my-[-0.2rem] rounded px-px py-[0.2rem]\">Eventos en l\u00ednea donde expertos comparten sus conocimientos y responden a tus preguntas en tiempo real.<\/span>\u200b<\/p>\r\n<\/li>\r\n<li data-start=\"2296\" data-end=\"2409\">\r\n<p data-start=\"2298\" data-end=\"2409\"><strong data-start=\"2298\" data-end=\"2322\">Art\u00edculos de Opini\u00f3n<\/strong>: <span class=\"relative -mx-px my-[-0.2rem] rounded px-px py-[0.2rem]\">An\u00e1lisis profundos sobre tendencias actuales, nuevas estrategias y reflexiones sobre el mercado de apuestas.<\/span>\u200b<\/p>\r\n<\/li>\r\n<\/ul>\r\n<h3 data-start=\"2411\" data-end=\"2431\">Juego Responsable<\/h3>\r\n<p data-start=\"2433\" data-end=\"2598\"><span class=\"relative -mx-px my-[-0.2rem] rounded px-px py-[0.2rem]\">En ForoApuestas.es, promovemos el juego responsable.<\/span> <span class=\"relative -mx-px my-[-0.2rem] rounded px-px py-[0.2rem]\">Entendemos que las apuestas deben ser una forma de entretenimiento y no una fuente de problemas.<\/span> <span class=\"relative -mx-px my-[-0.2rem] rounded px-px py-[0.2rem]\">Por ello, ofrecemos recursos y consejos para ayudarte a mantener el control y disfrutar de las apuestas de manera saludable.<\/span>\u200b<\/p>\r\n<h4 data-start=\"2600\" data-end=\"2619\">\u00danete a Nosotros<\/h4>\r\n<p data-start=\"2621\" data-end=\"2786\"><span class=\"relative -mx-px my-[-0.2rem] rounded px-px py-[0.2rem]\">Si a\u00fan no eres miembro de ForoApuestas.es, te invitamos a registrarte y formar parte de nuestra comunidad.<\/span> <span class=\"relative -mx-px my-[-0.2rem] rounded px-px py-[0.2rem]\">La inscripci\u00f3n es gratuita y te dar\u00e1 acceso a todas las secciones y herramientas que ofrecemos.<\/span> <span class=\"relative -mx-px my-[-0.2rem] rounded px-px py-[0.2rem]\">Ya sea que busques mejorar tus habilidades, compartir tus conocimientos o simplemente disfrutar de un buen debate sobre apuestas deportivas, aqu\u00ed encontrar\u00e1s tu lugar.<\/span>\u200b<\/p>\r\n<p data-start=\"2788\" data-end=\"2911\">\u00a1Te esperamos en ForoApuestas.es, donde la pasi\u00f3n por las apuestas deportivas nos une y nos impulsa a ser mejores cada d\u00eda!<\/p>\r\n","protected":false},"excerpt":{"rendered":"<p class=\"subtitle\">\u00a1Bienvenido! Si est\u00e1s aqu\u00ed, es porque compartes nuestra pasi\u00f3n por las apuestas deportivas y buscas un lugar donde aprender, compartir y, por supuesto, divertirte. Nuestra comunidad est\u00e1 dise\u00f1ada para ofrecerte todo lo que necesitas para mejorar tus habilidades como apostador y disfrutar al m\u00e1ximo de cada jugada.\u200b ForoApuestas.es es una plataforma dedicada a los entusiastas &#8230; <a title=\"Lo \u00faltimo en el mundo de las apuestas en Espa\u00f1a\" class=\"read-more\" href=\"https:\/\/foroapuestas.es\/pro\/\" aria-label=\"Leer m\u00e1s sobre Lo \u00faltimo en el mundo de las apuestas en Espa\u00f1a\">Leer m\u00e1s<\/a>\n<\/p>","protected":false},"author":1,"featured_media":0,"parent":0,"menu_order":0,"comment_status":"closed","ping_status":"open","template":"","meta":{"footnotes":""},"class_list":["post-2","page","type-page","status-publish"],"_links":{"self":[{"href":"https:\/\/foroapuestas.es\/pro\/wp-json\/wp\/v2\/pages\/2","targetHints":{"allow":["GET"]}}],"collection":[{"href":"https:\/\/foroapuestas.es\/pro\/wp-json\/wp\/v2\/pages"}],"about":[{"href":"https:\/\/foroapuestas.es\/pro\/wp-json\/wp\/v2\/types\/page"}],"author":[{"embeddable":true,"href":"https:\/\/foroapuestas.es\/pro\/wp-json\/wp\/v2\/users\/1"}],"replies":[{"embeddable":true,"href":"https:\/\/foroapuestas.es\/pro\/wp-json\/wp\/v2\/comments?post=2"}],"version-history":[{"count":0,"href":"https:\/\/foroapuestas.es\/pro\/wp-json\/wp\/v2\/pages\/2\/revisions"}],"wp:attachment":[{"href":"https:\/\/foroapuestas.es\/pro\/wp-json\/wp\/v2\/media?parent=2"}],"curies":[{"name":"wp","href":"https:\/\/api.w.org\/{rel}","templated":true}]}}