{"id":339,"date":"2025-03-18T09:31:28","date_gmt":"2025-03-18T08:31:28","guid":{"rendered":"https:\/\/foroapuestas.es\/pro\/?page_id=339"},"modified":"2025-03-18T10:11:25","modified_gmt":"2025-03-18T09:11:25","slug":"staff","status":"publish","type":"page","link":"https:\/\/foroapuestas.es\/pro\/staff\/","title":{"rendered":"Staff"},"content":{"rendered":"<p>En <strong>ForoApuestas.es<\/strong>, somos un grupo de expertos y apasionados por el mundo del deporte y las apuestas. Aqu\u00ed no vas a encontrar humo ni predicciones sin fundamento: analizamos cada dato, cada cuota y cada partido para ofrecerte pron\u00f3sticos certeros y noticias de actualidad con un enfoque claro en el deporte espa\u00f1ol.<\/p>\n<p>Somos independientes, pero nos une la misma pasi\u00f3n: ayudarte a tomar mejores decisiones en tus apuestas y mantenerte al d\u00eda con todo lo que ocurre en el f\u00fatbol, el baloncesto y cualquier disciplina que mueva la pasi\u00f3n de los apostadores en Espa\u00f1a.<\/p>\n<h2><strong>\u00bfC\u00f3mo trabajamos?<\/strong><\/h2>\n<ul>\n<li><strong>Redactores:<\/strong> Nos empapamos de estad\u00edsticas, tendencias y cuotas para ofrecerte los pron\u00f3sticos m\u00e1s fiables y las mejores noticias deportivas.<\/li>\n<li><strong>Editores:<\/strong> Filtramos la informaci\u00f3n, comprobamos fuentes y garantizamos que cada contenido que llega a ti sea claro, preciso y \u00fatil<\/li>\n<li><strong>Expertos en apuestas:<\/strong> Conocemos el mercado, analizamos valores y encontramos esas apuestas con valor que marcan la diferencia.<\/li>\n<li><strong>Especialistas en redes sociales:<\/strong> Te traemos las \u00faltimas novedades, picks y an\u00e1lisis a trav\u00e9s de nuestras plataformas digitales para que no te pierdas nada.<\/li>\n<li><strong>Colaboradores independientes:<\/strong> Tipsters, periodistas deportivos y analistas de apuestas que suman su experiencia para que la comunidad crezca con informaci\u00f3n de calidad.<\/li>\n<\/ul>\n<h3><strong>Nuestros periodistas en primera l\u00ednea<\/strong><\/h3>\n<h2 class=\"widget-title\">Lista de autores<\/h2>\n                \n                    <!--begin code -->\n\n                    \n                    <div class=\"pp-multiple-authors-boxes-wrapper pp-multiple-authors-wrapper pp-multiple-authors-layout-boxed multiple-authors-target-widget box-post-id-104 box-instance-id-1 ppma_boxes_104\"\n                    data-post_id=\"104\"\n                    data-instance_id=\"1\"\n                    data-additional_class=\"pp-multiple-authors-layout-boxed.multiple-authors-target-widget\"\n                    data-original_class=\"pp-multiple-authors-boxes-wrapper pp-multiple-authors-wrapper box-post-id-104 box-instance-id-1\">\n                                                <span class=\"ppma-layout-prefix\"><\/span>\n                        <div class=\"ppma-author-category-wrap\">\n                                                                                                                                    <span class=\"ppma-category-group ppma-category-group-1 category-index-0\">\n                                                                                                                        <ul class=\"pp-multiple-authors-boxes-ul author-ul-0\">\n                                                                                                                                                                                                                                                                                                                                                            \n                                                                                                                    <li class=\"pp-multiple-authors-boxes-li author_index_0 author_carlos-soriano-iglesias has-avatar\">\n                                                                                                                                                                                    <div class=\"pp-author-boxes-avatar\">\n                                                                    <div class=\"avatar-image\">\n                                                                                                                                                                                                                <img loading=\"lazy\" decoding=\"async\" alt=\"Carlos Soriano Iglesias\" src=\"https:\/\/foroapuestas.es\/pro\/wp-content\/uploads\/carlos-soriano-iglesias.webp\" srcset=\"https:\/\/foroapuestas.es\/pro\/wp-content\/uploads\/carlos-soriano-iglesias.webp\" class=\"multiple_authors_guest_author_avatar avatar\" height=\"80\" width=\"80\" title=\"\">                                                                                                                                                                                                            <\/div>\n                                                                                                                                    <\/div>\n                                                            \n                                                            <div class=\"pp-author-boxes-avatar-details\">\n                                                                <p class=\"pp-author-boxes-name multiple-authors-name\"><a href=\"https:\/\/foroapuestas.es\/pro\/autor\/carlos-soriano-iglesias\/\" rel=\"author\" title=\"Carlos Soriano Iglesias\" class=\"author url fn\">Carlos Soriano Iglesias<\/a><\/p>                                                                                                                                                                                                    \n                                                                                                                                            <div class=\"pp-author-boxes-description multiple-authors-description author-description-0\">\n                                                                                                                                                    <p>Soy Carlos Soriano Iglesias, periodista especializado en la NBA y Editor Jefe con experiencia en la creaci\u00f3n y gesti\u00f3n de estrategias de contenido dentro del mundo del entretenimiento deportivo. A lo largo de mi carrera, he liderado equipos editoriales y desarrollado contenido de alto impacto, siempre alineado con las tendencias del baloncesto profesional. <\/p>\n                                                                                                                                                <\/div>\n                                                                                                                                                                                                    \n                                                                                                                                \n                                                                                                                            <\/div>\n                                                                                                                                                                                                                        <\/li>\n                                                                                                                                                                                                                                                                                                                                \n                                                                                                                    <li class=\"pp-multiple-authors-boxes-li author_index_1 author_cristian-carrero-roca has-avatar\">\n                                                                                                                                                                                    <div class=\"pp-author-boxes-avatar\">\n                                                                    <div class=\"avatar-image\">\n                                                                                                                                                                                                                <img loading=\"lazy\" decoding=\"async\" alt=\"Cristian Carrero Roca\" src=\"https:\/\/foroapuestas.es\/pro\/wp-content\/uploads\/cristian-c-r.jpg\" srcset=\"https:\/\/foroapuestas.es\/pro\/wp-content\/uploads\/cristian-c-r.jpg\" class=\"multiple_authors_guest_author_avatar avatar\" height=\"80\" width=\"80\" title=\"\">                                                                                                                                                                                                            <\/div>\n                                                                                                                                    <\/div>\n                                                            \n                                                            <div class=\"pp-author-boxes-avatar-details\">\n                                                                <p class=\"pp-author-boxes-name multiple-authors-name\"><a href=\"https:\/\/foroapuestas.es\/pro\/autor\/cristian-carrero-roca\/\" rel=\"author\" title=\"Cristian Carrero Roca\" class=\"author url fn\">Cristian Carrero Roca<\/a><\/p>                                                                                                                                                                                                    \n                                                                                                                                            <div class=\"pp-author-boxes-description multiple-authors-description author-description-1\">\n                                                                                                                                                    <p>Me llamo Cristian Carrero Roca y llevo el f\u00fatbol en la sangre. Nac\u00ed el 5 de septiembre de 1987 en Barcelona, una ciudad donde el deporte se vive con intensidad en cada rinc\u00f3n. Desde peque\u00f1o, supe que mi camino estar\u00eda ligado a contar historias, esas que van m\u00e1s all\u00e1 de los goles y las estad\u00edsticas.<\/p>\n                                                                                                                                                <\/div>\n                                                                                                                                                                                                    \n                                                                                                                                \n                                                                                                                            <\/div>\n                                                                                                                                                                                                                        <\/li>\n                                                                                                                                                                                                                                                                                                                                \n                                                                                                                    <li class=\"pp-multiple-authors-boxes-li author_index_2 author_javier-montalban-requena has-avatar\">\n                                                                                                                                                                                    <div class=\"pp-author-boxes-avatar\">\n                                                                    <div class=\"avatar-image\">\n                                                                                                                                                                                                                <img loading=\"lazy\" decoding=\"async\" alt=\"\" src=\"https:\/\/foroapuestas.es\/pro\/wp-content\/uploads\/javier-montalban-requena.webp\" srcset=\"https:\/\/foroapuestas.es\/pro\/wp-content\/uploads\/javier-montalban-requena.webp\" class=\"multiple_authors_guest_author_avatar avatar\" height=\"80\" width=\"80\" title=\"\">                                                                                                                                                                                                            <\/div>\n                                                                                                                                    <\/div>\n                                                            \n                                                            <div class=\"pp-author-boxes-avatar-details\">\n                                                                <p class=\"pp-author-boxes-name multiple-authors-name\"><a href=\"https:\/\/foroapuestas.es\/pro\/autor\/javier-montalban-requena\/\" rel=\"author\" title=\"Javier Montalb\u00e1n Requena\" class=\"author url fn\">Javier Montalb\u00e1n Requena<\/a><\/p>                                                                                                                                                                                                    \n                                                                                                                                            <div class=\"pp-author-boxes-description multiple-authors-description author-description-2\">\n                                                                                                                                                    <p>Soy Javier Montalb\u00e1n Requena, periodista y seguidor de la evoluci\u00f3n del Atl\u00e9tico de Madrid desde hace a\u00f1os. Conozco al equipo en profundidad y disfruto analizando cada partido con el rigor que merece. Mi trabajo se centra en desentra\u00f1ar la t\u00e1ctica, la historia y la identidad de un club que nunca deja de sorprender.<\/p>\n                                                                                                                                                <\/div>\n                                                                                                                                                                                                    \n                                                                                                                                \n                                                                                                                            <\/div>\n                                                                                                                                                                                                                        <\/li>\n                                                                                                                                                                                                                                                                                                                                \n                                                                                                                    <li class=\"pp-multiple-authors-boxes-li author_index_3 author_julian-moreno-ochea has-avatar\">\n                                                                                                                                                                                    <div class=\"pp-author-boxes-avatar\">\n                                                                    <div class=\"avatar-image\">\n                                                                                                                                                                                                                <img loading=\"lazy\" decoding=\"async\" alt=\"\" src=\"https:\/\/foroapuestas.es\/pro\/wp-content\/uploads\/julian-moreno-ochea.webp\" srcset=\"https:\/\/foroapuestas.es\/pro\/wp-content\/uploads\/julian-moreno-ochea.webp\" class=\"multiple_authors_guest_author_avatar avatar\" height=\"80\" width=\"80\" title=\"\">                                                                                                                                                                                                            <\/div>\n                                                                                                                                    <\/div>\n                                                            \n                                                            <div class=\"pp-author-boxes-avatar-details\">\n                                                                <p class=\"pp-author-boxes-name multiple-authors-name\"><a href=\"https:\/\/foroapuestas.es\/pro\/autor\/julian-moreno-ochea\/\" rel=\"author\" title=\"Juli\u00e1n Moreno Ochea\" class=\"author url fn\">Juli\u00e1n Moreno Ochea<\/a><\/p>                                                                                                                                                                                                    \n                                                                                                                                            <div class=\"pp-author-boxes-description multiple-authors-description author-description-3\">\n                                                                                                                                                    <p>Soy Juli\u00e1n Moreno Ochea y el FC Barcelona es el centro de mi especializaci\u00f3n como periodista. No me quedo en la superficie de los titulares, sino que busco ir m\u00e1s all\u00e1, analizando el juego, las estrategias y las decisiones que definen al club blaugrana. A trav\u00e9s de mis cr\u00f3nicas, reportajes y entrevistas, intento ofrecer una visi\u00f3n detallada y profesional.<\/p>\n                                                                                                                                                <\/div>\n                                                                                                                                                                                                    \n                                                                                                                                \n                                                                                                                            <\/div>\n                                                                                                                                                                                                                        <\/li>\n                                                                                                                                                                                                                                                                                        <\/ul>\n                                                                            <\/span>\n                                                                                                                        <\/div>\n                        <span class=\"ppma-layout-suffix\"><\/span>\n                                            <\/div>\n                    <!--end code -->\n                    \n                \n                            \n        \n<h3><strong>Nuestro equipo editorial<\/strong><\/h3>\n<p><strong>Javier G\u00f3mez \u2013 Director General<\/strong><br \/>\nLidera el barco con experiencia en apuestas y an\u00e1lisis deportivo. Su misi\u00f3n es que ForoApuestas.es sea la referencia para los apostadores en Espa\u00f1a.<\/p>\n<p><strong>Marta Fern\u00e1ndez \u2013 Editora en Jefe<\/strong><br \/>\nSe encarga de que cada art\u00edculo, pron\u00f3stico y an\u00e1lisis pase por el filtro de la calidad. Si lo lees aqu\u00ed, es porque vale la pena.<\/p>\n<p><strong>Carlos R\u00edos \u2013 Redactor Principal<\/strong><br \/>\nEspecialista en f\u00fatbol espa\u00f1ol y apuestas combinadas. Su conocimiento de LaLiga y la Champions lo convierte en una fuente fiable para cualquier apostador.<\/p>\n<p><strong>Patricia Ortega \u2013 Especialista en Apuestas Live<\/strong><br \/>\nMaestra en detectar oportunidades en apuestas en vivo. Si hay un partido en juego y una cuota interesante, ella lo encuentra.<\/p>\n<p><strong>Daniel L\u00f3pez \u2013 Tipster y Analista de Cuotas<\/strong><br \/>\nDetecta valor en las apuestas mejor que nadie. Si buscas apuestas con EV+ (esperanza matem\u00e1tica positiva), sus pron\u00f3sticos son oro puro.<\/p>\n<p><strong>Andrea Torres \u2013 Social Media Manager<\/strong><br \/>\nEncargada de conectar con la comunidad en redes sociales. Si ves un hilo interesante sobre apuestas o una estad\u00edstica clave en Twitter, probablemente venga de ella.<\/p>\n<p><strong>Alejandro Ruiz \u2013 Dise\u00f1ador Gr\u00e1fico<\/strong><br \/>\nEl cerebro detr\u00e1s de los gr\u00e1ficos y visuales que hacen que nuestros an\u00e1lisis sean a\u00fan m\u00e1s atractivos.<\/p>\n<p><strong>Lorena Castillo \u2013 Community Manager<\/strong><br \/>\nSe encarga de la relaci\u00f3n con los usuarios, moderando debates y fomentando la comunidad de apostadores.<\/p>\n<p><strong>Luis Navarro \u2013 Analista de Datos y Estad\u00edsticas<\/strong><br \/>\nEspecialista en el estudio de probabilidades, tendencias y rendimiento deportivo. Si una estad\u00edstica importa, \u00e9l la tiene.<\/p>\n<p><strong>Fernando Prieto \u2013 Responsable de Publicidad y Patrocinios<\/strong><br \/>\nConecta ForoApuestas.es con socios estrat\u00e9gicos para seguir ofreciendo contenido gratuito y de calidad a la comunidad.<\/p>\n<p><strong>Clara M\u00e9ndez \u2013 Historiadora del Deporte<\/strong><br \/>\nSi hay un dato hist\u00f3rico que puede influir en una apuesta, ella lo encuentra. Especialista en patrones y tendencias basadas en la historia de los equipos y jugadores.<\/p>\n<p><strong>Sergio Vega \u2013 Redactor de eSports y Apuestas Alternativas<\/strong><br \/>\nSi lo tuyo son las apuestas en eSports, tenis de mesa o cualquier disciplina menos convencional, \u00e9l es tu referente.<\/p>\n<h4><strong>Colaboradores que dejaron huella<\/strong><\/h4>\n<p>Tambi\u00e9n queremos reconocer a quienes han sido parte de este proyecto y contribuyeron a hacer de ForoApuestas.es lo que es hoy:<\/p>\n<ul>\n<li>Ra\u00fal Mart\u00edn<\/li>\n<li>Beatriz Jim\u00e9nez<\/li>\n<li>Iv\u00e1n Garc\u00eda<\/li>\n<li>Natalia Su\u00e1rez (Madrid, Espa\u00f1a)<\/li>\n<li>Diego Torres (Barcelona, Espa\u00f1a)<\/li>\n<li>Agust\u00edn Rojas (Buenos Aires, Argentina)<\/li>\n<li>Pedro Almeida (Lisboa, Portugal)<\/li>\n<li>Carolina Herrera (Ciudad de M\u00e9xico, M\u00e9xico)<\/li>\n<\/ul>\n<p>En <strong>ForoApuestas.es<\/strong>, apostamos por la transparencia, el an\u00e1lisis y la comunidad. No te vendemos sue\u00f1os, te damos informaci\u00f3n real para que tomes decisiones inteligentes.<\/p>\n","protected":false},"excerpt":{"rendered":"<p class=\"subtitle\">En ForoApuestas.es, somos un grupo de expertos y apasionados por el mundo del deporte y las apuestas. Aqu\u00ed no vas a encontrar humo ni predicciones sin fundamento: analizamos cada dato, cada cuota y cada partido para ofrecerte pron\u00f3sticos certeros y noticias de actualidad con un enfoque claro en el deporte espa\u00f1ol. Somos independientes, pero nos &#8230; <a title=\"Staff\" class=\"read-more\" href=\"https:\/\/foroapuestas.es\/pro\/staff\/\" aria-label=\"Leer m\u00e1s sobre Staff\">Leer m\u00e1s<\/a>\n<\/p>","protected":false},"author":1,"featured_media":0,"parent":0,"menu_order":0,"comment_status":"closed","ping_status":"closed","template":"","meta":{"footnotes":""},"class_list":["post-339","page","type-page","status-publish"],"_links":{"self":[{"href":"https:\/\/foroapuestas.es\/pro\/wp-json\/wp\/v2\/pages\/339","targetHints":{"allow":["GET"]}}],"collection":[{"href":"https:\/\/foroapuestas.es\/pro\/wp-json\/wp\/v2\/pages"}],"about":[{"href":"https:\/\/foroapuestas.es\/pro\/wp-json\/wp\/v2\/types\/page"}],"author":[{"embeddable":true,"href":"https:\/\/foroapuestas.es\/pro\/wp-json\/wp\/v2\/users\/1"}],"replies":[{"embeddable":true,"href":"https:\/\/foroapuestas.es\/pro\/wp-json\/wp\/v2\/comments?post=339"}],"version-history":[{"count":0,"href":"https:\/\/foroapuestas.es\/pro\/wp-json\/wp\/v2\/pages\/339\/revisions"}],"wp:attachment":[{"href":"https:\/\/foroapuestas.es\/pro\/wp-json\/wp\/v2\/media?parent=339"}],"curies":[{"name":"wp","href":"https:\/\/api.w.org\/{rel}","templated":true}]}}